n base 12?
-144
What is -102221112 (base 3) in base 9?
-12845
Convert -1011222 (base 3) to base 16.
-35f
Convert -3d57 (base 15) to base 10.
-13132
What is -1001101110 (base 2) in base 10?
-622
What is -819 (base 14) in base 2?
-11000110111
Convert b73 (base 12) to base 13.
9b7
Convert 20220212 (base 3) to base 9.
6825
21ca (base 13) to base 7
16534
38a8 (base 11) to base 10
5079
Convert 1a3e (base 15) to base 5.
140214
Convert -67e (base 15) to base 4.
-112331
-185 (base 14) to base 6
-1241
What is 110001110 (base 2) in base 3?
112202
What is -310102 (base 4) in base 13?
-16a5
33013 (base 10) to base 11
22892
13303300 (base 4) to base 11
22037
-100220 (base 4) to base 13
-63b
324 (base 6) to base 9
147
Convert -433 (base 5) to base 10.
-118
What is 361 (base 9) in base 16?
12a
What is 2362 (base 14) in base 3?
22110020
What is -11873 (base 9) in base 11?
-6017
What is -256 (base 8) in base 4?
-2232
Convert -597 (base 14) to base 3.
-1112020
Convert 1912 (base 14) to base 2.
1000110101100
What is 167b (base 12) in base 7?
10556
What is -107054 (base 9) in base 14?
-1957b
Convert -aaa (base 12) to base 3.
-2011011
Convert -233100 (base 4) to base 6.
-22000
Convert 14246 (base 7) to base 13.
1a15
Convert -131656 (base 7) to base 6.
-310144
Convert 226 (base 11) to base 16.
10e
What is 2323 (base 5) in base 3?
110112
What is 10014233 (base 5) in base 9?
130721
16928 (base 13) to base 3
2012101122
Convert 152325 (base 6) to base 12.
86a5
What is -a461 (base 12) in base 5?
-1033204
Convert 1021220011 (base 3) to base 4.
12031132
What is 131 (base 6) in base 12?
47
-1b33 (base 15) to base 8
-13412
Convert -13412 (base 5) to base 8.
-2123
-6065 (base 10) to base 2
-1011110110001
2011 (base 4) to base 12
b1
1104 (base 7) to base 14
204
What is 27860 (base 9) in base 6?
223343
4121334 (base 5) to base 10
67094
What is 10001001001 (base 2) in base 7?
3125
Convert 33572 (base 11) to base 14.
139d6
Convert -1516 (base 12) to base 5.
-34331
Convert -9385 (base 10) to base 3.
-110212121
What is 2401130 (base 5) in base 11?
2aaa3
What is 7076 (base 10) in base 4?
1232210
Convert 1ed0 (base 15) to base 5.
203340
Convert 15332 (base 6) to base 16.
9c8
-210012 (base 3) to base 5
-4242
Convert -14438 (base 10) to base 11.
-a936
Convert -125e (base 15) to base 10.
-3914
What is -3571 (base 12) in base 2?
-1011101100101
What is 13220 (base 5) in base 4?
100210
What is 2428 (base 11) in base 8?
6150
Convert -31213 (base 5) to base 4.
-200022
What is 4132 (base 11) in base 2?
1010101101000
Convert -12030012 (base 4) to base 10.
-25350
33401 (base 5) to base 6
14515
Convert 567 (base 16) to base 7.
4014
-38546 (base 11) to base 9
-83672
-27471 (base 10) to base 8
-65517
Convert -10112 (base 5) to base 7.
-1626
Convert 15424 (base 7) to base 10.
4330
Convert -3602 (base 7) to base 12.
-925
16123 (base 7) to base 16
11ad
Convert 100112 (base 3) to base 14.
145
203463 (base 7) to base 15
a509
Convert 48d7 (base 15) to base 13.
7096
What is 2b9 (base 15) in base 5?
4444
-11431 (base 9) to base 5
-221032
What is -2d79 (base 14) in base 15?
-262d
-1120112 (base 3) to base 2
-10001111100
What is -110111 (base 2) in base 16?
-37
Convert -13682 (base 13) to base 11.
-25285
-222311 (base 6) to base 12
-a997
What is -2604 (base 7) in base 6?
-4320
Convert 10020022010 (base 3) to base 4.
33202122
-27333 (base 13) to base 16
-11d5a
Convert dade (base 15) to base 13.
18122
Convert 13403 (base 7) to base 16.
e2d
-7263 (base 12) to base 4
-3002223
301322 (base 4) to base 5
100234
What is -1013 (base 10) in base 12?
-705
23233 (base 6) to base 2
110100000101
What is 161 (base 14) in base 15?
13b
What is -12031 (base 4) in base 5?
-3042
Convert 7452 (base 8) to base 16.
f2a
Convert -354 (base 7) to base 10.
-186
Convert 2133131 (base 4) to base 12.
5aa5
What is 35b9 (base 13) in base 7?
31060
What is 31c (base 15) in base 16?
2be
What is 5b2 (base 12) in base 16?
356
Convert -440 (base 5) to base 2.
-1111000
Convert -2301410 (base 5) to base 10.
-40855
Convert -110101210 (base 3) to base 13.
-4164
What is -100111100000 (base 2) in base 9?
-3418
What is -14ab (base 16) in base 3?
-21020222
-9770 (base 10) to base 11
-7382
233242 (base 5) to base 2
10000101111100
What is -15354 (base 9) in base 13?
-4a17
-440 (base 11) to base 10
-528
Convert aa2 (base 14) to base 7.
6062
What is -1005 (base 7) in base 10?
-348
What is -143032 (base 5) in base 13?
-297b
What is 10133031 (base 4) in base 6?
221033
Convert 8299 (base 10) to base 7.
33124
Convert -100102 (base 4) to base 5.
-13132
-5b (base 15) to base 14
-62
What is 101202021 (base 3) in base 11?
5985
59 (base 16) to base 4
1121
-12770 (base 10) to base 5
-402040
Convert -48b (base 12) to base 9.
-838
Convert -1110010100101 (base 2) to base 16.
-1ca5
What is 1e0 (base 16) in base 14?
264
Convert 83 (base 11) to base 6.
231
1102112110 (base 3) to base 9
42473
Convert -1010001001101 (base 2) to base 7.
-21103
What is -11110100110000 (base 2) in base 12?
-9094
-1011111001 (base 2) to base 7
-2135
What is 93a8 (base 11) in base 2?
11000010101100
What is -3233323 (base 4) in base 6?
-155031
What is 2375 (base 12) in base 8?
7611
Convert -13642 (base 12) to base 5.
-1324314
Convert 32442 (base 7) to base 2.
1111110110011
What is -138 (base 12) in base 3?
-20222
183 (base 9) to base 5
1111
Convert 15415 (base 6) to base 2.
100111100011
2251 (base 6) to base 15
25a
What is -12515 (base 6) in base 14?
-9b1
Convert -3060 (base 8) to base 15.
-709
-1111212 (base 3) to base 10
-1103
Convert -12135 (base 7) to base 2.
-110001011010
100100000010 (base 2) to base 14
baa
Convert 1122311 (base 5) to base 12.
b923
What is -203 (base 9) in base 2?
-10100101
152624 (base 7) to base 4
13101302
Convert 111000 (base 4) to base 2.
10101000000
Convert -a71b (base 12) to base 10.
-18311
What is 1614 (base 7) in base 15?
2d3
What is 274 (base 13) in base 4?
12301
6813 (base 15) to base 14
8084
Convert -4612 (base 14) to base 15.
-3913
What is 2154 (base 7) in base 15?
369
Convert -184 (base 15) to base 7.
-1006
What is -102002 (base 4) in base 7?
-3236
What is -11000 (base 13) in base 10?
-30758
What is 4103 (base 6) in base 8?
1607
What is 547 (base 12) in base 13?
478
Convert 225 (base 10) to base 9.
270
-47406 (base 8) to base 13
-9292
Convert 1a2 (base 13) to base 14.
177
Convert -2992 (base 10) to base 2.
-101110110000
382 (base 9) to base 12
225
What is -2425 (base 7) in base 14?
-485
Convert 212100210 (base 3) to base 5.
1021111
What is 12301130 (base 4) in base 2?
110110001011100
Convert 3020 (base 5) to base 9.
467
101001010111001 (base 2) to base 11
14a02
What is 627 (base 12) in base 16?
37f
What is 1e5 (base 15) in base 9?
538
20001001 (base 3) to base 14
1866
-16047 (base 8) to base 11
-5462
Convert -11101000101111 (base 2) to base 4.
-3220233
-2112001 (base 3) to base 8
-3455
What is -36202 (base 8) in base 7?
-63106
Convert 46800 (base 9) to base 12.
16116
Convert 89ba (base 13) to base 10.
19250
Convert 3112221 (base 5) to base 7.
301334
What is 57320 (base 9) in base 5?
2210134
What is -79 (base 14) in base 11?
-98
What is -1573 (base 12) in base 6?
-15423
-6648 (base 11) to base 6
-104324
What is 1212122200 (base 3) in base 8?
110077
Convert 444021 (base 6) to base 4.
21010231
What is -340350 (base 7) in base 2?
-1110101100101111
-3042 (base 5) to base 7
-1105
Convert 2584 (base 11) to base 16.
d1f
Convert 54ac (base 14) to base 9.
22084
What is -46 (base 10) in base 16?
-2e
596 (base 10) to base 16
254
-5543 (base 12) to base 6
-111323
-471 (base 9) to base 6
-1444
Convert -12230 (base 6) to base 9.
-2440
What is -211021 (base 3) in base 14?
-30d
What is -3110200 (base 4) in base 11?
-a244
-550 (base 14) to base 5
-13200
What is -6c31 (base 13) in base 2?
-11101110010010
What is -135 (base 8) in base 5?
-333
-100000011000001 (base 2) to base 9
-24658
What is a4a3 (base 12) in base 7?
103263
What is 101010 (base 2) in base 10?
42
What is -130142 (base 6) in base 16?
-2dce
Convert 709 (base 13) to base 10.
1192
What is -1110212 (base 4) in base 9?
-7375
412 (base 16) to base 14
546
Convert 3345 (base 11) to base 10.
4405
Convert 18a0 (base 12) to base 4.
232320
1002031 (base 4) to base 13
1c0c
What is 11100110010 (base 2) in base 3?
2112020
Wh